i - 175 = 0, -3*a + 166 = 5*i - 86. Calculate the remainder when a is divided by 7.
5
Let o(i) = -i + 3. Suppose -5*s = -2*s + 27. Calculate the remainder when o(-10) is divided by (-1 - s/2)*2.
6
Calculate the remainder when (3/2)/(1/38) is divided by 15.
12
Let a(p) = -p**3 - 4*p**2 + 2*p + 4. What is the remainder when a(-5) is divided by (6 - 1)*2/2?
4
Let z(p) = -10*p + 3*p + 24*p + 20*p. What is the remainder when z(1) is divided by 20?
17
Suppose -3*n = -2*a + 27, 45 = 4*a - 0*n + 3*n. What is the remainder when 34 is divided by a?
10
Suppose 201 = -5*b - 79. Let v = -19 - b. Suppose -30 = -4*s + 22. What is the remainder when v is divided by s?
11
Suppose -3*n - 50 = -8*n. What is the remainder when 18 is divided by n?
8
Let n = 123 + -74. Let j(q) = 3*q + 1. What is the remainder when n is divided by j(4)?
10
Suppose -12*b + 63 = -9*b. Calculate the remainder when 74 is divided by b.
11
Suppose 4*y + 464 = 4*p, 0*y - 568 = -5*p + y. Let g = p + -80. What is the remainder when g is divided by 9?
6
Let p = 173 - 73. Calculate the remainder when p is divided by 26.
22
Suppose -5*t + 16 = -4. What is the remainder when -1 - (-8)/t - -14 is divided by 6?
3
Suppose -82 - 6 = 4*m. Let l = 37 + m. Calculate the remainder when 43 is divided by l.
13
Let z = 5 - -15. What is the remainder when 36 is divided by z?
16
Let k = 0 - 0. Suppose -7*d = 5*h - 3*d - 39, k = 4*h - 5*d - 64. Calculate the remainder when h is divided by 6.
5
Let h be (0/((-6)/3))/(-3). Suppose 2*j + 61 = -h*s + 3*s, 3*s - 59 = j. Calculate the remainder when s is divided by 10.
9
Calculate the remainder when (5/(-2))/(1*3/(-18)) is divided by 6.
3
Let p be 3/(-1) + -1 + -22. Let k = p + 51. Let o = -8 - -17. Calculate the remainder when k is divided by o.
7
Suppose 0 = -r + 4 + 1, 2*d + 25 = 5*r. Suppose d*i + 5*i = 10. Suppose 0*u = -i*u - 3*m + 80, 5*u - 4*m = 154. Calculate the remainder when u is divided by 12.
10
Let r(g) = -6*g - 4. Let q be (0 + 1)/(2/(-6)). What is the remainder when 40 is divided by r(q)?
12
Let j = 38 - -20. Calculate the remainder when j is divided by 20.
18
Let f(s) = 2*s**2 + s - 4. Let g be -3 - 1 - (-3 - -2). Let k be (-8)/(-2) - g/(-3). Calculate the remainder when 49 is divided by f(k).
15
What is the remainder when 141 is divided by 1183/49 - (-3)/(-21)?
21
Let x(v) = 2*v**2 + 4*v - 1. Suppose 5*j + 9 = 8*j. Suppose y = j*u - 8, -5*u - 3 = -5*y + y. What is the remainder when y is divided by x(-3)?
2
Let d(x) = 3*x - 22. Suppose 3*r = 5*r - 66. Calculate the remainder when r is divided by d(13).
16
Let n = 9 + -13. Let h = 6 + n. Let m = 3 - 2. What is the remainder when h is divided by m?
0
Let g = -2 + 5. Let y = 13 + -3. Calculate the remainder when y is divided by g.
1
Suppose 4*g = -2*h + h + 6, -5*h = -g - 9. What is the remainder when 1 is divided by g?
0
Let j = 30 - 22. Calculate the remainder when 35 is divided by j.
3
Let f(c) = c + 4*c - 2*c - c - 4. What is the remainder when 18 is divided by f(7)?
8
What is the remainder when 30 - (-1 + 2)/1 is divided by 10?
9
Suppose -62 - 24 = -2*b. Calculate the remainder when b is divided by 15.
13
Let a(d) = -10*d**2 - d + 1. Let b be a(-1). What is the remainder when 14 is divided by b/(-4)*(-6)/(-4)?
2
Suppose 14 = -i - i + 4*h, -i = -5*h + 16. Let j = i - -21. Calculate the remainder when 78 is divided by j.
18
Suppose -17 = -i - 5*n, 0*i - 2*n + 4 = -i. Calculate the remainder when 0 - 1 - -1 - -2 is divided by i.
0
Suppose 0*z - z - 15 = 0. Let g = z + 32. Suppose 5*x - g = 4*x. What is the remainder when x is divided by 6?
5
Suppose 96 = -7*w + 11*w. Calculate the remainder when w is divided by 5.
4
Let o be 5 + 10 - (0 - 1). Let d(u) = -u - 1. What is the remainder when (o/(-3))/(10/(-15)) is divided by d(-6)?
3
Let u(b) = -6*b + 15. What is the remainder when 16 is divided by u(2)?
1
Let l = -137 - -193. What is the remainder when l is divided by 19?
18
What is the remainder when (-7 - -41) + (0 - 0) is divided by 7?
6
Suppose 3*a - 81 = 69. Calculate the remainder when a is divided by 13.
11
What is the remainder when 852/(-8)*(-4)/6 is divided by 15?
11
Suppose -3*i - 45 = -2*r - 2*r, -4*r = 2*i - 70. What is the remainder when 41 is divided by r?
11
Suppose 5*d + 1 = 11. Let x(u) = -u + 3. Let t be x(5). Calculate the remainder when 2 + 1/(-1 - t) is divided by d.
1
Suppose 0*p = 2*p. Suppose 3*r - 5*d = -18, p = -r + 2*d - 6 + 1. Let o = r + 33. Calculate the remainder when o is divided by 12.
10
Let b be 4 + (0 - (1 + 0)). Let z(s) = 10*s - 4. What is the remainder when z(b) is divided by 14?
12
Let g = -15 + 36. Calculate the remainder when (-4 - -6) + -2 + 61 is divided by g.
19
Let l = 9 - -25. Calculate the remainder when l is divided by 18.
16
Let c(f) = 2*f**2 - 5*f - 12. Let o(m) = 3*m**2 - 8*m - 18. Let y(q) = -7*c(q) + 5*o(q). Calculate the remainder when 14 is divided by y(7).
6
Calculate the remainder when 38 is divided by (-4)/2 - (-12 - 3).
12
Let f be 1/1 - 3/(-3). Suppose 3*y - l + 4 = -0*y, -5*y - 5 = -f*l. What is the remainder when 1/y - (-224)/6 is divided by 13?
11
Suppose 0 = -0*g - g + 20. Calculate the remainder when g is divided by 7.
6
Suppose 0 = -2*y + 3*n + 26, 6 = 4*n - 2. Let m(h) = -h**3 - 5*h**2 + 11*h + 8. Calculate the remainder when m(-7) is divided by y.
13
Let s(q) = 3*q + 12*q**2 - 5*q + 26*q**2 + 2. Calculate the remainder when s(1) is divided by 14.
10
Suppose -2*x + 7 = 5*q, -2*x = -5*q + 4*q + 11. Calculate the remainder when 22 is divided by q.
1
Suppose -5*v + 4*i + 36 = 2, v = 5*i + 11. Suppose 0 = -h + v. What is the remainder when h is divided by 3?
0
Let p be 2*(-3 - (-116)/8). Let w = 44 - p. Calculate the remainder when 83 is divided by w.
20
Let g(l) = l**2 + l - 17. What is the remainder when g(8) is divided by 14?
13
Suppose -4*d = -357 + 109. What is the remainder when d is divided by 16?
14
Suppose -13*v - 2*v + 300 = 0. Calculate the remainder when 2/(-8) - (-309)/4 is divided by v.
17
Suppose 2*m = -2*k + 56, 3*m - 3*k - 92 = 2*k. Calculate the remainder when 86 is divided by m.
28
Let c(l) = l**2 + 5*l + 5. What is the remainder when c(-10) is divided by 14?
13
Suppose -3*y = -2*s - 70, 3*s + 39 - 138 = -4*y. Let k(m) = m**2 - 5*m + 6. Let r be k(6). What is the remainder when y is divided by (-2)/(0 - 2) + r?
11
Let r = 24 - 16. Let x(s) = -s**3 - 7*s**2 - 7*s + 4. Let v be x(-6). Suppose -8*q = -v*q + 30. What is the remainder when q is divided by r?
7
Suppose -290 = -5*x - 5*q, 4*x = 4*q + 53 + 187. Suppose p - 12 - 3 = 0. What is the remainder when x is divided by p?
14
Suppose -2*p - 51 = -5*p. Let t(z) = -z**2 - 4*z + 3. Let a be t(-4). Suppose 2*h + 5*v = 38 - 5, -a*v = 3*h - 36. What is the remainder when p is divided by h?
8
Let z be -1*(-1 - (2 - 2)). What is the remainder when 61 - (z + (-2 - -1)) is divided by 21?
19
Suppose 0 = 5*p - 18 - 2. What is the remainder when 38/6 + 6/9 is divided by p?
3
What is the remainder when 110 is divided by (-1)/((-11)/409) + 2/(-11)?
36
Let y(m) = -73*m - 2. Calculate the remainder when y(-1) is divided by 37.
34
Suppose -2*h = 8, -v - 36 = -5*v + 4*h. What is the remainder when 31 is divided by 8/(-2) + v + 10?
9
Let c(t) be the first derivative of -t**3/3 + 3*t**2 - 2*t + 3. Calculate the remainder when 8 is divided by c(5).
2
Let i = -5 - -5. Suppose t - 3 = -i*t. Calculate the remainder when 10 is divided by t.
1
Suppose 4*r = 1 + 19. Suppose 0 = -r*f - 25, -20 = -i - f. What is the remainder when i is divided by 7?
4
Suppose -3*j + 8 - 2 = 0. Suppose v = -j*v + 135. Calculate the remainder when 18 is divided by v/(-18)*2*-1.
3
Suppose 4*d = 60 + 48. Let j(g) = 52*g**2 - g - 1. Calculate the remainder when j(-1) is divided by d.
25
Suppose 14 = -3*j + 71. What is the remainder when 73 is divided by j?
16
Suppose -t = 5*n - 282, -3*n + 2*t + 120 = -n. Calculate the remainder when n is divided by 25.
7
Suppose 0 = 4*v + 4*t - 84, 0 = -v + 3*v + 5*t - 57. Calculate the remainder when 43 is divided by v.
11
Let c(d) = d**3 + 3*d**2 + d + 4. Let z = 20 + -11. Calculate the remainder when z is divided by c(-2).
3
Suppose 3*k + 193 - 751 = 0. What is the remainder when k is divided by 47?
45
Suppose 7*k - 54 - 51 = 0. Calculate the remainder when 35 is divided by k.